at is the ten thousands digit of 72695774?
9
What is the hundred millions digit of 440885353?
4
What is the thousands digit of 999741879?
1
What is the millions digit of 22246077?
2
What is the ten millions digit of 401923605?
0
What is the hundred thousands digit of 201465411?
4
What is the ten thousands digit of 6939426335?
2
What is the hundreds digit of 2931837909?
9
What is the millions digit of 382914984?
2
What is the ten millions digit of 23614811?
2
What is the hundreds digit of 701447155?
1
What is the thousands digit of 13222925?
2
What is the hundreds digit of 3401942234?
2
What is the tens digit of 534535635?
3
What is the hundreds digit of 507727994?
9
What is the millions digit of 4797600593?
7
What is the tens digit of 1369042119?
1
What is the thousands digit of 1449542453?
2
What is the hundreds digit of 405993684?
6
What is the hundred thousands digit of 58918084?
9
What is the units digit of 225960462?
2
What is the tens digit of 2999962357?
5
What is the tens digit of 827050861?
6
What is the units digit of 1645109767?
7
What is the ten thousands digit of 25215188?
1
What is the ten thousands digit of 11008760?
0
What is the millions digit of 1277541019?
7
What is the hundred millions digit of 465836142?
4
What is the tens digit of 80521877?
7
What is the tens digit of 2018167456?
5
What is the ten millions digit of 220853641?
2
What is the ten thousands digit of 2791545926?
4
What is the ten millions digit of 532294545?
3
What is the hundreds digit of 26667887?
8
What is the hundred thousands digit of 345726620?
7
What is the ten thousands digit of 1789590483?
9
What is the units digit of 17044697?
7
What is the hundred millions digit of 7750341076?
7
What is the ten thousands digit of 328662577?
6
What is the tens digit of 55108075?
7
What is the thousands digit of 1757311228?
1
What is the tens digit of 377194649?
4
What is the ten millions digit of 1170063009?
7
What is the hundred millions digit of 398672747?
3
What is the hundred thousands digit of 682790393?
7
What is the hundred thousands digit of 305193491?
1
What is the ten millions digit of 56164898?
5
What is the hundred thousands digit of 1255759953?
7
What is the hundred thousands digit of 647606531?
6
What is the ten thousands digit of 279390546?
9
What is the thousands digit of 2873086345?
6
What is the units digit of 93474418?
8
What is the millions digit of 83682594?
3
What is the hundred thousands digit of 1279266092?
2
What is the hundred millions digit of 5344417627?
3
What is the hundred thousands digit of 26096664?
0
What is the hundreds digit of 680607291?
2
What is the units digit of 111074910?
0
What is the millions digit of 8486573?
8
What is the millions digit of 11881116?
1
What is the ten thousands digit of 191027830?
2
What is the ten millions digit of 18290669?
1
What is the thousands digit of 49856549?
6
What is the hundreds digit of 40356042?
0
What is the ten millions digit of 33637949?
3
What is the units digit of 57997206?
6
What is the hundreds digit of 55240503?
5
What is the units digit of 43135680?
0
What is the tens digit of 217674116?
1
What is the ten millions digit of 50377124?
5
What is the millions digit of 1814636451?
4
What is the millions digit of 138003202?
8
What is the units digit of 54354106?
6
What is the units digit of 27474786?
6
What is the hundred thousands digit of 604343533?
3
What is the millions digit of 524043077?
4
What is the units digit of 27576979?
9
What is the ten millions digit of 36566142?
3
What is the hundred thousands digit of 64989029?
9
What is the ten thousands digit of 901626911?
2
What is the hundred millions digit of 1352406085?
3
What is the hundreds digit of 459645330?
3
What is the ten millions digit of 1047358602?
4
What is the units digit of 105307627?
7
What is the ten thousands digit of 1267277992?
7
What is the tens digit of 259912711?
1
What is the ten millions digit of 521974118?
2
What is the units digit of 168010939?
9
What is the units digit of 4670426169?
9
What is the hundreds digit of 2007513586?
5
What is the thousands digit of 445072123?
2
What is the ten millions digit of 20549128?
2
What is the units digit of 17717770?
0
What is the thousands digit of 564243115?
3
What is the thousands digit of 38394824?
4
What is the units digit of 1132115171?
1
What is the ten thousands digit of 4771372142?
7
What is the ten thousands digit of 6322037585?
3
What is the hundreds digit of 4466004822?
8
What is the hundreds digit of 598377278?
2
What is the hundreds digit of 67408674?
6
What is the units digit of 1413347752?
2
What is the millions digit of 575496099?
5
What is the hundreds digit of 940708551?
5
What is the millions digit of 156473827?
6
What is the hundred thousands digit of 276996973?
9
What is the tens digit of 22172959?
5
What is the millions digit of 176141263?
6
What is the ten millions digit of 3357789063?
5
What is the ten thousands digit of 88507832?
0
What is the hundred thousands digit of 42148908?
1
What is the ten millions digit of 18411954?
1
What is the millions digit of 19383117?
9
What is the millions digit of 110679629?
0
What is the units digit of 56626122?
2
What is the tens digit of 852465131?
3
What is the ten thousands digit of 2832066299?
6
What is the hundred thousands digit of 736923459?
9
What is the hundreds digit of 432316233?
2
What is the ten millions digit of 26295817?
2
What is the ten millions digit of 68646709?
6
What is the hundred thousands digit of 79711124?
7
What is the tens digit of 152887529?
2
What is the hundreds digit of 350016723?
7
What is the ten thousands digit of 1463054011?
5
What is the hundreds digit of 210845720?
7
What is the millions digit of 36756270?
6
What is the thousands digit of 131466637?
6
What is the hundred thousands digit of 84364276?
3
What is the ten millions digit of 1463802230?
6
What is the units digit of 288797367?
7
What is the hundreds digit of 18553333?
3
What is the ten millions digit of 5219442954?
1
What is the hundreds digit of 944021498?
4
What is the millions digit of 1477822202?
7
What is the tens digit of 3993938767?
6
What is the thousands digit of 282460872?
0
What is the hundred millions digit of 1643048228?
6
What is the ten millions digit of 356998044?
5
What is the hundred thousands digit of 96349689?
3
What is the tens digit of 29574162?
6
What is the billions digit of 5453541671?
5
What is the hundred millions digit of 9200421266?
2
What is the hundred millions digit of 945938219?
9
What is the ten thousands digit of 202687965?
8
What is the ten millions digit of 38710693?
3
What is the tens digit of 78436467?
6
What is the ten thousands digit of 397310632?
1
What is the units digit of 1937988777?
7
What is the tens digit of 95033480?
8
What is the tens digit of 67578345?
4
What is the millions digit of 53457887?
3
What is the ten thousands digit of 83279075?
7
What is the ten thousands digit of 66861813?
6
What is the hundreds digit of 63756848?
8
What is the ten thousands digit of 18260962?
6
What is the thousands digit of 3497581528?
1
What is the hundred thousands digit of 41171413?
1
What is the ten millions digit of 66832136?
6
What is the billions digit of 1026574846?
1
What is the hundred millions digit of 827653174?
8
What is the hundreds digit of 151938871?
8
What is the ten millions digit of 52410446?
5
What is the thousands digit of 18521644?
1
What is the millions digit of 950977599?
0
What is the units digit of 2172769915?
5
What is the hundred millions digit of 233980797?
2
What is the units digit of 29984610?
0
What is the hundreds digit of 4186345081?
0
What is the tens digit of 47499433?
3
What is the ten millions digit of 13946664?
1
What is the hundred thousands digit of 1051986361?
9
What is the hundred thousands digit of 1172056066?
0
What is the thousands digit of 66137211?
7
What is the ten millions digit of 1395580422?
9
What is the hundred millions digit of 3881241465?
8
What is the hundred millions digit of 447189376?
4
What is the thousands digit of 29369681?
9
What is the tens digit of 521938297?
9
What is the ten thousands digit of 29319775?
1
What is the millions digit of 43031274?
3
What is the ten thousands digit of 47733971?
3
What is the ten thou